4*a - 3. Let k be r(-2). Let t = 2 + k. What is the remainder when 41 is divided by t?
8
Let k(q) = 2*q**2 + 7*q - 16. Let l be k(-8). Suppose 3*c = c + l. What is the remainder when 108 is divided by c?
24
Let c = 259 - 127. Suppose 2*m + c = 2*a, -6*a + 243 = -2*a + 3*m. Let u(n) = -191*n + 589. What is the remainder when a is divided by u(3)?
15
Suppose 0*g - 29 = -2*c + 5*g, 3*c + g - 69 = 0. What is the remainder when 1384 is divided by c?
20
Let c(d) = 15*d**3 - 10*d**2 + 4*d - 7. What is the remainder when 404 is divided by c(2)?
80
Calculate the remainder when 350 is divided by 3 + (-7)/(21/(-72)).
26
Suppose p - 14 = -p. Let a(q) = -q + 50. What is the remainder when a(p) is divided by 27?
16
Let f(y) = -39*y. Calculate the remainder when f(-3) is divided by 15.
12
Let z(n) = 3*n**2 - 12*n + 5. Calculate the remainder when 14 is divided by z(4).
4
Suppose -13 - 107 = 5*d. Let p = -17 - d. Let h(q) = -q + 12. Calculate the remainder when p is divided by h(7).
2
Suppose 18 = -3*d + 30. Suppose -d*l + 5 - 61 = -4*k, 4*l = -4*k + 56. Calculate the remainder when (-4)/k - (-5500)/140 is divided by 14.
11
What is the remainder when 898 is divided by -3 + (672/8 - 6)?
73
Suppose 39*v - 5480 = -v. Calculate the remainder when v is divided by 23.
22
Let n(q) = q**2 - 5*q + 6. Let m be n(3). Suppose m = -d + 15 - 7. What is the remainder when 37 is divided by d?
5
Let j = -67 + 196. Let r = j - 90. What is the remainder when 115 is divided by r?
37
Let a(q) = q + 19. Let b be a(16). Let j = 59 - b. Calculate the remainder when j is divided by (-2)/3*-3 - -3.
4
Suppose -26*j + 40 = -194. Let h(p) = -13*p. What is the remainder when h(-2) is divided by j?
8
Suppose -2*g = 5*k - 4*g - 40, 0 = -4*k + 5*g + 15. Let x be 34/(-85) + (-6)/k. What is the remainder when 20 is divided by x/(-4) + 243/36?
6
Suppose 2*a - a = 2*s - 1, -s - 4 = -2*a. Let n be 4*s/12*-39. Let m = 34 - n. What is the remainder when m is divided by 21?
18
Suppose -549 = -26*m + 413. What is the remainder when 131 is divided by m?
20
Let y = 27 + 34. Suppose 4*u - 3*s - 18 = 0, 3*u + 4 = -s + 11. Suppose -u*a = -2*a - y. Calculate the remainder when a is divided by 21.
19
Suppose -9*p - 16 = -106. Let t = 8 + -4. Suppose 3*o = -3, -5*o + 0*o = t*q - 111. What is the remainder when q is divided by p?
9
Let g = 5 + -10. Calculate the remainder when 26 is divided by g/(-20) + (-108)/(-16).
5
Let c = 3 - -10. Suppose 0 = -7*a - 30*a + 811 + 965. Calculate the remainder when a is divided by c.
9
Let t be (1 - 0)/(1/4). Let l(k) = -9*k**2 + 3*k - 8. Let x(f) = 6*f**2 - f + 4. Let s(a) = 3*l(a) + 5*x(a). What is the remainder when s(t) is divided by 13?
8
Suppose 2*y - 397 = -3*i + 229, 0 = -i + 2. Calculate the remainder when y is divided by 79.
73
Suppose 2*j - j - 22 = 3*i, 3*i = -3. Suppose 0 = -t - 11*t + 24. Suppose -j = -t*o + 3. Calculate the remainder when 42 is divided by o.
9
Calculate the remainder when ((-33)/(-22))/(9/12) is divided by 1.
0
Let v be 1 + -1*(-4)/(12/63). Let a = v + -7. What is the remainder when 119 is divided by a?
14
Let w(x) = -x**3 + 4*x**2 + 6*x - 3. Let z be 431/3 + 9/(27/1). Let a = 146 - z. What is the remainder when w(5) is divided by a?
0
Let q be (-1)/(-2)*-10 + -1. Let f(i) = -2*i - 4. Calculate the remainder when 22 is divided by f(q).
6
Let n = -7 + -90. What is the remainder when 34 is divided by (6/5)/(-3) + n/(-5)?
15
Let w be (((-7)/(-2))/(-7))/(2/(-72)). Let c = 26 - w. What is the remainder when 21 is divided by c?
5
Let v = 5 + -1. Suppose -2*j + v*k = -4, 0*j = -3*j + k + 6. Suppose j*f + 1 - 13 = 0. Calculate the remainder when 23 is divided by f.
5
Let m(u) = -1 - 3 + 2 - 9*u. Suppose 9*n = 1 - 10. What is the remainder when 10 is divided by m(n)?
3
Suppose -4*g - 9 = -g. Let k be (g/(-2))/((-3)/16). Let x = 26 - k. What is the remainder when 99 is divided by x?
31
Calculate the remainder when 54 is divided by 0/(0 - -4) + 10.
4
Suppose 25*m = 34*m - 6525. Calculate the remainder when m is divided by 56.
53
Let t = 558 + -509. Let v = -8 - -17. Calculate the remainder when t is divided by v.
4
What is the remainder when -1*1370/15*(-12)/4 is divided by 28?
22
Let s be (-4)/3*(-9)/6. Suppose -b - s = -5. Suppose 0 = 4*f - 10 - 26. What is the remainder when f is divided by b?
0
Suppose 184 = 47*h - 39*h. What is the remainder when 435 is divided by h?
21
Suppose -232*k + 251*k - 20482 = 0. Calculate the remainder when k is divided by 47.
44
Let p(o) = o - 10. Let g be ((-45)/6)/((-2)/4). Let m be p(g). Suppose m*l - 61 = 4. What is the remainder when l is divided by 5?
3
Suppose 26 = 3*n + 5*h, -h = 6*n - n - 58. Suppose 0*d - 38 = -5*p - 2*d, n = 3*d. Let x(y) = 3*y + 1. Calculate the remainder when x(5) is divided by p.
4
Let t(g) be the first derivative of -g**4/4 + 8*g**3/3 + 3*g + 4. Let z be t(8). Suppose z + 17 = 2*p. What is the remainder when 37 is divided by p?
7
Let k = -1612 - -1691. What is the remainder when k is divided by 23?
10
Let s(x) = -x - 17. Let b be (-10)/1 + 0/(-2). Let y be s(b). Let m(c) = -c**3 - 7*c**2 - 2*c + 6. What is the remainder when 37 is divided by m(y)?
17
Suppose 5*t - 968 = -a, -t - 3*a + 770 = 3*t. What is the remainder when t is divided by 49?
47
Let j = 7 + -2. Let t(l) = -17*l + 211. Calculate the remainder when t(11) is divided by j.
4
Let d(x) = 2*x**2 - 3*x + 9. What is the remainder when d(14) is divided by 40?
39
Let l = 38 - 48. Let g = 15 + l. What is the remainder when g is divided by 4?
1
Let l(u) = u**3 + 4*u**2 - 2*u - 8. Let n be l(-4). Suppose n*i = 2*i + 2*f - 28, -24 = -4*i + 4*f. Calculate the remainder when i is divided by 4.
2
Let y = -1 - 0. Let o(v) = 5*v - 4. Calculate the remainder when 30 + 4 + y + -1 is divided by o(3).
10
Let l = -15 + 21. Suppose 737*d - 750*d + 39 = 0. What is the remainder when l - (0/2 - 0) is divided by d?
0
Let p = -102 - -104. Suppose 0 = -p*s, -m + 2*m - 5*s - 38 = 0. What is the remainder when m is divided by 5?
3
Let x(g) = 6*g**3 + 48*g**2 - 8*g - 8. Calculate the remainder when x(-8) is divided by 12.
8
Let r(p) = -48*p - 232. Let o = 14 + -9. What is the remainder when r(-5) is divided by o?
3
Suppose 3*b = -h + 59, h - 32 - 27 = -b. What is the remainder when 235 is divided by h?
58
Let b(u) = u + 20. Let s be b(16). Suppose 91 = -s*m + 37*m. What is the remainder when m is divided by 47?
44
Suppose 0 = 12*s - 4*s - 24. Suppose -s*y + 7 = -2*y. What is the remainder when y is divided by 4?
3
Let t = 39 + -13. Let d(i) = -6*i - 3. Let s(x) = x**2 + 5*x - 8. Let p be s(-6). What is the remainder when t is divided by d(p)?
8
Let z be 1/2 - (-155)/10. Suppose 0 = -3*t + 7*t - z. Suppose t*i - 87 = 13. What is the remainder when i is divided by 7?
4
Let k(t) = 10*t - 3. What is the remainder when k(3) is divided by 8?
3
Suppose -872 = -2*o + 252. Suppose -5*h - f + o = 0, f + f = 2*h - 232. Calculate the remainder when h is divided by 38.
37
Let p = 170 - 76. Suppose -6 = 4*y - p. Calculate the remainder when y is divided by 12.
10
Suppose -299*d + 295*d = -120. Calculate the remainder when 176 is divided by d.
26
Let x(k) = 2*k - 10. Let d be x(5). Suppose -3*s + 7 + 62 = d. What is the remainder when s is divided by -3 - (-1 + 4)*-3?
5
Let k(j) = 7*j + 111. Suppose -99 = o - 2*o. What is the remainder when o is divided by k(-12)?
18
Let i = 6 - 3. Let t = 38 + -86. What is the remainder when ((-32)/t)/((-2)/(-9)) is divided by i?
0
Let s(x) = 23*x - 2. Suppose -4*n + 4*i - 3*i = -25, 0 = n - 5*i + 8. What is the remainder when s(n) is divided by 27?
24
Let a = 1349 + -1121. Calculate the remainder when a is divided by 29.
25
Suppose 266*x = 267*x - 69. What is the remainder when x is divided by 11?
3
Suppose 8 = -0*z + 2*z. Suppose 2*g + 2*c = 80, -z*c + 212 = 5*g + 13. Suppose 0 = -5*j + 73 - 3. Calculate the remainder when g is divided by j.
11
Let r(i) = -i**3 - 5*i**2 - 2*i + 2. Let x(s) = -3*s + 13. Let l(n) = n + 2. Let k be l(4). Let q be x(k). What is the remainder when 57 is divided by r(q)?
9
Let x(c) = 2*c**3 + 40*c**2 - 77*c - 724. Suppose -h + 13 = -60. Calculate the remainder when h is divided by x(-21).
7
Let f(v) = 8*v**2 - 15*v - 163. What is the remainder when f(-7) is divided by 21?
19
Let w = -320 - -413. Calcula